{"id":3,"date":"2020-09-02T13:00:44","date_gmt":"2020-09-02T13:00:44","guid":{"rendered":"http:\/\/lingualabclub.com\/?page_id=3"},"modified":"2021-05-12T10:17:20","modified_gmt":"2021-05-12T10:17:20","slug":"privacy-policy","status":"publish","type":"page","link":"https:\/\/lingualabclub.com\/index.php\/privacy-policy\/","title":{"rendered":"Pol\u00edtica de Privacidad"},"content":{"rendered":"<p><img decoding=\"async\" src=\"data:image\/svg+xml,%3Csvg%20xmlns='http:\/\/www.w3.org\/2000\/svg'%20viewBox='0%200%20370%20247'%3E%3C\/svg%3E\" class=\"zeen-lazy-load-base zeen-lazy-load\" data-lazy-src=\"http:\/\/lingualabclub.com\/wp-content\/uploads\/2020\/10\/Food-Photo-Collage-YouTube-Channel-Art.jpg\"><noscript><img decoding=\"async\" src=\"http:\/\/lingualabclub.com\/wp-content\/uploads\/2020\/10\/Food-Photo-Collage-YouTube-Channel-Art.jpg\"><\/noscript><\/p>\n","protected":false},"excerpt":{"rendered":"","protected":false},"author":1,"featured_media":0,"parent":0,"menu_order":0,"comment_status":"closed","ping_status":"open","template":"","meta":{"footnotes":""},"yoast_head":"<!-- This site is optimized with the Yoast SEO plugin v22.3 - https:\/\/yoast.com\/wordpress\/plugins\/seo\/ -->\n<title>Pol\u00edtica de Privacidad - LINGUALAB CLUB - LINGUALAB CLUB Pol\u00edtica de Privacidad<\/title>\n<meta name=\"description\" content=\"En LINGUALAB estamos concienzados de la especial atenci\u00f3n que hay que desarrolar en la manipulaci\u00f3n y tratamiento de datos personales.\" \/>\n<meta name=\"robots\" content=\"index, follow, max-snippet:-1, max-image-preview:large, max-video-preview:-1\" \/>\n<link rel=\"canonical\" href=\"https:\/\/lingualabclub.com\/index.php\/privacy-policy\/\" \/>\n<meta property=\"og:locale\" content=\"en_US\" \/>\n<meta property=\"og:type\" content=\"article\" \/>\n<meta property=\"og:title\" content=\"Pol\u00edtica de Privacidad - LINGUALAB CLUB - LINGUALAB CLUB Pol\u00edtica de Privacidad\" \/>\n<meta property=\"og:description\" content=\"En LINGUALAB estamos concienzados de la especial atenci\u00f3n que hay que desarrolar en la manipulaci\u00f3n y tratamiento de datos personales.\" \/>\n<meta property=\"og:url\" content=\"https:\/\/lingualabclub.com\/index.php\/privacy-policy\/\" \/>\n<meta property=\"og:site_name\" content=\"LINGUALAB CLUB\" \/>\n<meta property=\"article:modified_time\" content=\"2021-05-12T10:17:20+00:00\" \/>\n<meta property=\"og:image\" content=\"http:\/\/lingualabclub.com\/wp-content\/uploads\/2020\/10\/Food-Photo-Collage-YouTube-Channel-Art.jpg\" \/>\n<meta name=\"twitter:card\" content=\"summary_large_image\" \/>\n<script type=\"application\/ld+json\" class=\"yoast-schema-graph\">{\"@context\":\"https:\/\/schema.org\",\"@graph\":[{\"@type\":\"WebPage\",\"@id\":\"https:\/\/lingualabclub.com\/index.php\/privacy-policy\/\",\"url\":\"https:\/\/lingualabclub.com\/index.php\/privacy-policy\/\",\"name\":\"Pol\u00edtica de Privacidad - LINGUALAB CLUB - LINGUALAB CLUB Pol\u00edtica de Privacidad\",\"isPartOf\":{\"@id\":\"https:\/\/lingualabclub.com\/#website\"},\"primaryImageOfPage\":{\"@id\":\"https:\/\/lingualabclub.com\/index.php\/privacy-policy\/#primaryimage\"},\"image\":{\"@id\":\"https:\/\/lingualabclub.com\/index.php\/privacy-policy\/#primaryimage\"},\"thumbnailUrl\":\"http:\/\/lingualabclub.com\/wp-content\/uploads\/2020\/10\/Food-Photo-Collage-YouTube-Channel-Art.jpg\",\"datePublished\":\"2020-09-02T13:00:44+00:00\",\"dateModified\":\"2021-05-12T10:17:20+00:00\",\"description\":\"En LINGUALAB estamos concienzados de la especial atenci\u00f3n que hay que desarrolar en la manipulaci\u00f3n y tratamiento de datos personales.\",\"breadcrumb\":{\"@id\":\"https:\/\/lingualabclub.com\/index.php\/privacy-policy\/#breadcrumb\"},\"inLanguage\":\"en-US\",\"potentialAction\":[{\"@type\":\"ReadAction\",\"target\":[\"https:\/\/lingualabclub.com\/index.php\/privacy-policy\/\"]}]},{\"@type\":\"ImageObject\",\"inLanguage\":\"en-US\",\"@id\":\"https:\/\/lingualabclub.com\/index.php\/privacy-policy\/#primaryimage\",\"url\":\"http:\/\/lingualabclub.com\/wp-content\/uploads\/2020\/10\/Food-Photo-Collage-YouTube-Channel-Art.jpg\",\"contentUrl\":\"http:\/\/lingualabclub.com\/wp-content\/uploads\/2020\/10\/Food-Photo-Collage-YouTube-Channel-Art.jpg\"},{\"@type\":\"BreadcrumbList\",\"@id\":\"https:\/\/lingualabclub.com\/index.php\/privacy-policy\/#breadcrumb\",\"itemListElement\":[{\"@type\":\"ListItem\",\"position\":1,\"name\":\"Home\",\"item\":\"https:\/\/lingualabclub.com\/\"},{\"@type\":\"ListItem\",\"position\":2,\"name\":\"Pol\u00edtica de Privacidad\"}]},{\"@type\":\"WebSite\",\"@id\":\"https:\/\/lingualabclub.com\/#website\",\"url\":\"https:\/\/lingualabclub.com\/\",\"name\":\"LINGUALAB CLUB\",\"description\":\"\",\"potentialAction\":[{\"@type\":\"SearchAction\",\"target\":{\"@type\":\"EntryPoint\",\"urlTemplate\":\"https:\/\/lingualabclub.com\/?s={search_term_string}\"},\"query-input\":\"required name=search_term_string\"}],\"inLanguage\":\"en-US\"}]}<\/script>\n<!-- \/ Yoast SEO plugin. -->","yoast_head_json":{"title":"Pol\u00edtica de Privacidad - LINGUALAB CLUB - LINGUALAB CLUB Pol\u00edtica de Privacidad","description":"En LINGUALAB estamos concienzados de la especial atenci\u00f3n que hay que desarrolar en la manipulaci\u00f3n y tratamiento de datos personales.","robots":{"index":"index","follow":"follow","max-snippet":"max-snippet:-1","max-image-preview":"max-image-preview:large","max-video-preview":"max-video-preview:-1"},"canonical":"https:\/\/lingualabclub.com\/index.php\/privacy-policy\/","og_locale":"en_US","og_type":"article","og_title":"Pol\u00edtica de Privacidad - LINGUALAB CLUB - LINGUALAB CLUB Pol\u00edtica de Privacidad","og_description":"En LINGUALAB estamos concienzados de la especial atenci\u00f3n que hay que desarrolar en la manipulaci\u00f3n y tratamiento de datos personales.","og_url":"https:\/\/lingualabclub.com\/index.php\/privacy-policy\/","og_site_name":"LINGUALAB CLUB","article_modified_time":"2021-05-12T10:17:20+00:00","og_image":[{"url":"http:\/\/lingualabclub.com\/wp-content\/uploads\/2020\/10\/Food-Photo-Collage-YouTube-Channel-Art.jpg"}],"twitter_card":"summary_large_image","schema":{"@context":"https:\/\/schema.org","@graph":[{"@type":"WebPage","@id":"https:\/\/lingualabclub.com\/index.php\/privacy-policy\/","url":"https:\/\/lingualabclub.com\/index.php\/privacy-policy\/","name":"Pol\u00edtica de Privacidad - LINGUALAB CLUB - LINGUALAB CLUB Pol\u00edtica de Privacidad","isPartOf":{"@id":"https:\/\/lingualabclub.com\/#website"},"primaryImageOfPage":{"@id":"https:\/\/lingualabclub.com\/index.php\/privacy-policy\/#primaryimage"},"image":{"@id":"https:\/\/lingualabclub.com\/index.php\/privacy-policy\/#primaryimage"},"thumbnailUrl":"http:\/\/lingualabclub.com\/wp-content\/uploads\/2020\/10\/Food-Photo-Collage-YouTube-Channel-Art.jpg","datePublished":"2020-09-02T13:00:44+00:00","dateModified":"2021-05-12T10:17:20+00:00","description":"En LINGUALAB estamos concienzados de la especial atenci\u00f3n que hay que desarrolar en la manipulaci\u00f3n y tratamiento de datos personales.","breadcrumb":{"@id":"https:\/\/lingualabclub.com\/index.php\/privacy-policy\/#breadcrumb"},"inLanguage":"en-US","potentialAction":[{"@type":"ReadAction","target":["https:\/\/lingualabclub.com\/index.php\/privacy-policy\/"]}]},{"@type":"ImageObject","inLanguage":"en-US","@id":"https:\/\/lingualabclub.com\/index.php\/privacy-policy\/#primaryimage","url":"http:\/\/lingualabclub.com\/wp-content\/uploads\/2020\/10\/Food-Photo-Collage-YouTube-Channel-Art.jpg","contentUrl":"http:\/\/lingualabclub.com\/wp-content\/uploads\/2020\/10\/Food-Photo-Collage-YouTube-Channel-Art.jpg"},{"@type":"BreadcrumbList","@id":"https:\/\/lingualabclub.com\/index.php\/privacy-policy\/#breadcrumb","itemListElement":[{"@type":"ListItem","position":1,"name":"Home","item":"https:\/\/lingualabclub.com\/"},{"@type":"ListItem","position":2,"name":"Pol\u00edtica de Privacidad"}]},{"@type":"WebSite","@id":"https:\/\/lingualabclub.com\/#website","url":"https:\/\/lingualabclub.com\/","name":"LINGUALAB CLUB","description":"","potentialAction":[{"@type":"SearchAction","target":{"@type":"EntryPoint","urlTemplate":"https:\/\/lingualabclub.com\/?s={search_term_string}"},"query-input":"required name=search_term_string"}],"inLanguage":"en-US"}]}},"_links":{"self":[{"href":"https:\/\/lingualabclub.com\/index.php\/wp-json\/wp\/v2\/pages\/3"}],"collection":[{"href":"https:\/\/lingualabclub.com\/index.php\/wp-json\/wp\/v2\/pages"}],"about":[{"href":"https:\/\/lingualabclub.com\/index.php\/wp-json\/wp\/v2\/types\/page"}],"author":[{"embeddable":true,"href":"https:\/\/lingualabclub.com\/index.php\/wp-json\/wp\/v2\/users\/1"}],"replies":[{"embeddable":true,"href":"https:\/\/lingualabclub.com\/index.php\/wp-json\/wp\/v2\/comments?post=3"}],"version-history":[{"count":7,"href":"https:\/\/lingualabclub.com\/index.php\/wp-json\/wp\/v2\/pages\/3\/revisions"}],"predecessor-version":[{"id":101153,"href":"https:\/\/lingualabclub.com\/index.php\/wp-json\/wp\/v2\/pages\/3\/revisions\/101153"}],"wp:attachment":[{"href":"https:\/\/lingualabclub.com\/index.php\/wp-json\/wp\/v2\/media?parent=3"}],"curies":[{"name":"wp","href":"https:\/\/api.w.org\/{rel}","templated":true}]}}